uppose -p = -15*p + 130872. Suppose -p = 48*l - 86*l. What are the prime factors of l?
2, 3, 41
Suppose k - 2*n - 7 = 0, 0*n - n = 0. Suppose -5*x + 141 + 79 = 0. Suppose -6*a = -k*a + x. List the prime factors of a.
2, 11
Let r(b) = 6*b - 27. Let f be r(-26). Let l = 240 + f. List the prime factors of l.
3, 19
Let l(k) = k**3 + 4*k**2 - 5. Let n be l(-2). Suppose -a - 1129 = -4*c + 4*a, n*a + 1395 = 5*c. What are the prime factors of c?
2, 3, 23
Let g(y) = 418*y + 7. Let a be (-8)/(-2) - (13 - (23 - 11)). List the prime factors of g(a).
13, 97
Suppose 26*s - 23*s = 4*i - 33263, 0 = -3*i + 2*s + 24948. List the prime factors of i.
2, 4159
Suppose -990 = 6*y + 9*y. Let b = 102 - y. Suppose 5*p = -33 + b. What are the prime factors of p?
3
Suppose 0 = 4*n - 5*c + 3, -2*n + 6*n = 3*c - 5. Let t be n*(284/(-8) + -1) + -2. Suppose t = -q + 176. List the prime factors of q.
3, 5, 7
Let s(c) = -13*c + 14. Let q be s(-2). Suppose n - 23 = -5*f, -5*n + 95 = 5*f - q. List the prime factors of n.
2, 7
Let g(z) = z**3 - 5*z**2 - 6*z - 22. Let x be (-3)/(-9) + (-46)/(-6). Let h be g(x). Suppose 2*l = 96 + h. What are the prime factors of l?
109
Let h(s) = 3*s + 37. Let q be h(-11). Let a(m) = 20*m + 5. Let i be a(q). Let r = -10 + i. List the prime factors of r.
3, 5
Let q = 22100 - 17000. List the prime factors of q.
2, 3, 5, 17
Suppose 2*y - 168 = -80. Let k = y - 44. Suppose -6*h + 2*h + 772 = k. What are the prime factors of h?
193
Let p(s) = -35*s + 15 - 32 - 13. What are the prime factors of p(-8)?
2, 5
Let m be 3 + 0/((-4)/(-4)*2). Suppose -4*b - 2 = 3*v + 5, -m*b + 4*v + 26 = 0. Suppose -70 = -9*x + b*x. What are the prime factors of x?
2, 5
Suppose q + 4*m = 2*q + 12, 0 = -5*q - 3*m + 32. Suppose -r = -q + 3. Let f = r - -191. What are the prime factors of f?
2, 3
Let d be (0 - 264/(-14))*(-980)/(-56). Suppose t - d = -4*r, 4*r - 2*r = -2*t + 684. What are the prime factors of t?
2, 173
Let w(x) = -x**3 + 35*x**2 - 43*x + 57. Let l be w(30). Suppose 1377 = 6*k - l. List the prime factors of k.
2, 3, 43
Let p = 2572 - 1716. Suppose 39*t = 37*t + p. List the prime factors of t.
2, 107
Suppose -145*x = -28*x + 34*x - 2298824. What are the prime factors of x?
2, 11, 173
Let h be ((-18)/8)/((-33)/(-1144)). Let j = h - -185. Let w = j - -91. List the prime factors of w.
2, 3, 11
Let c(i) = -48*i - 458. List the prime factors of c(-27).
2, 419
Suppose -24 = i - 2*i. Let u(c) = -10 + 25 - 6*c + 9 + 8 + 7*c. What are the prime factors of u(i)?
2, 7
Let f(j) = -1094*j + 811. What are the prime factors of f(-6)?
5, 59
Suppose -123*n = -1146915 - 50859. What are the prime factors of n?
2, 3, 541
Suppose 14*v - 16*v + 14032 = 0. List the prime factors of v.
2, 877
Suppose -10*g - 2*s = -5*g - 61, -5*g + 75 = -5*s. Suppose g*h - 5312 = -3*h. List the prime factors of h.
2, 83
Let c(n) = 75*n + 1115. List the prime factors of c(14).
5, 433
Suppose 10*h = 34*h + 146*h - 1154300. What are the prime factors of h?
2, 5, 7, 97
Let a(f) = 7*f**3 - 6*f**2 + 13*f - 20. Let r be a(7). Let o = -1469 + r. List the prime factors of o.
709
Suppose 0*n - n = -3*o + 255, 0 = 4*o + 4*n - 324. Let f = o + 381. List the prime factors of f.
3, 5, 31
Let p = -78 - -84. List the prime factors of p/(-39) + 31680/78.
2, 7, 29
Let y(u) = u - 1. Let z be y(3). Suppose 4*f - 181 - 167 = 0. Suppose -t = -z*h - 92, t - 3*h - f = 5. What are the prime factors of t?
2, 23
Suppose 4*p - 29 = 3*v + 1770, 2*v + 898 = 2*p. Let d = p + 402. List the prime factors of d.
2, 7, 61
List the prime factors of (-24)/(-32) - 169540/(-80).
2, 5, 53
Suppose -3*k + 2*d = 211, 0*d + 4*d = 8. Let t = 111 + k. Suppose -t = -2*r - 5*r. List the prime factors of r.
2, 3
Suppose -6*x + 12 + 0 = 0. Suppose -x*y - 4 = 0, 0 = 5*p + y - 83. Let i(r) = -r**2 + 21*r + 10. What are the prime factors of i(p)?
2, 3, 13
Suppose 728*v = 725*v - 114. Let r(i) = -i**3 + 10*i**2 - 11*i + 12. Let u be r(9). Let a = u - v. What are the prime factors of a?
2
Let u = 264 + -161. Let a = u + -40. What are the prime factors of a?
3, 7
Let a(t) = -t**3 + 19*t**2 - 14*t + 6. Let l be a(18). Suppose c - 49 = l. Let u = -74 + c. What are the prime factors of u?
53
Suppose 7 = -21*b + 26*b - 4*u, 6 = 4*b - 3*u. What are the prime factors of ((7 - 10)*491)/(b/(-2))?
2, 491
List the prime factors of 12/(147017/(-331659) - (-12)/27).
2, 3, 857
Suppose g + 1532 = 5*g - 2856. List the prime factors of g.
1097
Let n(x) = -235*x - 9. Let g be n(-5). Let k = g + -736. What are the prime factors of k?
2, 5, 43
Suppose 21*u - 38624 = 2788. List the prime factors of u.
2, 17, 29
Let c be 6504*((-395)/(-105) + (-12)/28). What are the prime factors of c/55 - 8/44?
2, 197
What are the prime factors of -6 + (-3 + -1050)*124/(-6)?
2, 3, 7, 37
Let g(d) = 402*d - 64. Let u be g(4). Suppose -3*a = 2*l - 4*l - 2296, 2*a = 4*l + u. List the prime factors of a.
2, 3, 127
Suppose 22917 = -23*t + 246426 + 232719. List the prime factors of t.
2, 3, 19, 29
Let d = 3645 + 10195. What are the prime factors of d?
2, 5, 173
Suppose 10371 = k + 4*z, 0 = -12*z + 8*z - 20. List the prime factors of k.
10391
What are the prime factors of 1107283260/30072 - ((-99)/(-210) + 2/(-5))?
36821
Suppose -53628 = -489*c + 477*c. List the prime factors of c.
41, 109
Let g(s) = -16*s**3 - 18*s**2 - 43*s - 69. What are the prime factors of g(-8)?
5, 7, 11, 19
What are the prime factors of -1966*(-16)/(-96)*(-9 - 0)?
3, 983
Suppose 3*k + 1 = -2*g, -57 = -2*g + 6*g - 5*k. Let t(r) = -2*r**3 + 3*r - 3. Let o be t(g). Suppose -158 = -7*d + o. List the prime factors of d.
3, 5, 11
Suppose 3*z = 41 + 85. Let g = z - 29. Let d(m) = m**2 - 8*m + 19. What are the prime factors of d(g)?
2, 3, 7
Suppose 149*b - 5256964 = -551544. List the prime factors of b.
2, 5, 1579
Suppose 592*v + 243144 = 625*v. List the prime factors of v.
2, 3, 307
Suppose -3*a - 7 = t + 4, -33 = 5*t + 4*a. What are the prime factors of 2995/(t/(-1)) - -1?
2, 3, 5
Suppose 7*b = 56 - 784. Let t = b - -308. What are the prime factors of t?
2, 3, 17
Let c(r) = 141*r + 425. Let i(g) = 47*g + 142. Let q(v) = -4*c(v) + 11*i(v). List the prime factors of q(-9).
3, 5, 19
What are the prime factors of (-12)/(-45) - (-10 - 30955596/315)?
2, 157, 313
Suppose 5*u - 10*u + 35 = 0. Suppose -u + 2 = 5*w, -5*h = -5*w - 345. List the prime factors of h.
2, 17
Suppose 3*u - y = -1 - 8, 4*y = 3*u + 18. Let q be u/(-5) - (-3 - (-206)/(-10)). Let k = 57 - q. List the prime factors of k.
3, 11
Suppose 5*x + 4*i = 8881, 2*x - 4*i - 5189 = -1631. What are the prime factors of x?
1777
Suppose 5 = w, 1623 = n + 4*w - 213. Suppose 461 = -2*t + 3*t + 2*m, 4*t - n = -m. What are the prime factors of t?
3, 151
Let l(u) = -3 - 3 + 3 + 4. Let m(h) = 9*h - 20. Let t(w) = -3*l(w) - m(w). What are the prime factors of t(-11)?
2, 29
Let g(v) = v**3 + 9*v**2 - 4*v - 36. Let z be g(-9). Suppose z = -3*u + 3*a + 1689, -3*u + u + 4*a + 1124 = 0. List the prime factors of u.
2, 3, 47
Let v(c) be the second derivative of c**5/20 + 7*c**4/12 + 2*c**3 + 5*c**2/2 - 11*c. Let t be v(-5). List the prime factors of (-120)/(-50) + 2/t.
2
Let h = -16871 + 23637. What are the prime factors of h?
2, 17, 199
Let w(i) = -4*i**3 - 2*i**2 + 11*i - 47. What are the prime factors of w(-9)?
2, 163
Let m = -82 + 84. Suppose m*v + 0 = -0. Suppose v = -y - 6*y + 483. What are the prime factors of y?
3, 23
Let s(v) = 271*v**2 - 44*v. List the prime factors of s(-4).
2, 3, 47
Let d be (-18)/15 - (-32)/10. Suppose 703 = d*v + 99. List the prime factors of v.
2, 151
Suppose 0 = 5*r - v - 2009, 112*r - 399 = 111*r + 3*v. Let q(a) = 30*a - 1. Let u be q(2). Suppose 53*o = u*o - r. List the prime factors of o.
67
Let c(g) = g + 16. Let x be ((-2)/1)/(-1) + -8 - -1. Let a be c(x). Suppose -a*l - 830 = -16*l. List the prime factors of l.
2, 83
Suppose 21*c - 6040 = -19*c. Let m = -144 + c. What are the prime factors of m?
7
Suppose 72*u - 24*u = -4178 + 3932690. What are the prime factors of u?
2, 7, 37, 79
Let d(k) = 352*k**2 + 12*k + 6. List the prime factors of d(-4).
2, 5, 13, 43
Suppose -4*b - 5*k - 2398 = 2983, -4*b - 5377 = k. What are the prime factors of ((-31)/(-3))/((-32)/b)?
2, 7, 31
Let n(p) = 4*p**3 - 3*p**2 - 34*p + 25. What are the prime factors of n(13)?
2, 983
Suppose